 43 = -3*i. What is the tens digit of a?
1
Let t be -2*(-3)/18*3. Suppose v - 2 = -t. What is the units digit of v?
1
Suppose -87 = -g - 4*b - 9, -3*g + 4*b + 298 = 0. What is the tens digit of g?
9
Suppose 5*x - 2*x = 141. What is the tens digit of x?
4
Suppose y + 2*y + 15 = 4*l, -11 = -2*l + 5*y. Suppose -3*f + 7*f - 92 = -3*w, -3*w + 72 = l*f. What is the units digit of f?
0
Let m = 62 + -50. What is the tens digit of m?
1
Let p(f) = -f**2 + f + 1. Let t(m) = 3*m**2 + 3*m - 1. Let s(g) = 2*p(g) + t(g). Let l be s(-4). What is the units digit of 1*l*(-3 - -1)?
6
Suppose -6 = 3*t - 5*f, -3*f - 18 = -2*t - 7*f. Suppose -4*a + 464 = 2*b, -1090 = -8*b + t*b + 4*a. What is the units digit of b/27 - (-4)/(-18)?
8
Let x = 25 + -8. Let m = x - 3. What is the units digit of m?
4
Let r(n) = 2*n**2 + 2*n - 2. Let p be r(-2). Suppose a = p*a - 4. What is the units digit of a?
4
What is the units digit of 300/(-45)*(1 + -2)*15?
0
Suppose 0 = -5*g - 2*b - 25, 3*b = 4*g + 5*b + 20. Let y(q) = q**3 + 5*q**2 - 6*q - 7. What is the units digit of y(g)?
3
Suppose h + 3*h = 20. Suppose h*w - c - 253 = 0, -2*w = -0*w + 5*c - 112. What is the tens digit of w?
5
Suppose 5*s - 31 = -4*b - 0, -3 = -s. Suppose 0 = -2*w + 3*w. What is the units digit of 2 - (1 - b - w)?
5
Suppose -5*f - y + 1821 = 0, 28*y = 4*f + 27*y - 1455. What is the hundreds digit of f?
3
Let v be -8 + 6/(-9)*-3. Let n(f) = 2*f. Let t(b) = -b - 1. Let y(h) = n(h) + 4*t(h). What is the units digit of y(v)?
8
What is the hundreds digit of (-1055)/(-2)*-12*(-8)/120?
4
Let g be (1 + -3)*6/(-4). Suppose c - g = 2*t, -3*t = c - 0*t + 2. What is the units digit of c?
1
Let k(s) = 2*s + 5. Let z(p) = 2*p + 4. Let f(x) = 5*k(x) - 6*z(x). What is the units digit of f(-4)?
9
Suppose 0*w + w = -12. Let i = w - -18. What is the units digit of i?
6
Let v be (-860)/(-15) - 2/(-3). Let u = v + -25. What is the tens digit of u?
3
Suppose -r - 4*r + 300 = 0. Suppose 3*p = y + 47, 3*y = 4*p - 1 - r. What is the units digit of p/3 + 3/(-9)?
5
Let i = 18 - 3. Suppose i = f - 17. What is the tens digit of f?
3
Suppose 0 = 5*u + 6 - 36. What is the units digit of u/(-9) - 154/(-6)?
5
Let a(p) be the second derivative of p**4/12 - p**3/2 + 3*p**2/2 + 4*p. What is the tens digit of a(-3)?
2
Let v(h) = 10*h**3 - h**2 - 2*h + 3. Let y be v(2). Suppose 3*i - y = -z, -i + 5*z = -0*z - 9. What is the units digit of i?
4
Suppose 0 = 2*a - p + 6, 2*a = 3*p + 2 - 16. Let b be (1*-9 + 2)*a. Let g(k) = k + 2. What is the units digit of g(b)?
9
Suppose 10*n - 5814 = -8*n. What is the hundreds digit of n?
3
Let b = 52 - 22. Suppose 5*s = 5*m - b, -3*s = -4*m - 7 + 27. Let t = s + 10. What is the units digit of t?
6
Let i be (-3 - (-18)/4)*38. Suppose 5*s - 12 = n - i, 0 = -s. What is the units digit of (1 - -1)/(10/n)?
9
Suppose 336 = 13*o - 10*o. What is the units digit of o?
2
Let s = -40 - -16. Let w = -5 - s. What is the units digit of w?
9
Let b(z) = -z + 4. What is the tens digit of b(-8)?
1
Suppose s + 0*s = 1. Let m(d) = -4*d - s + d**3 - 2*d**3 + 6*d**2 + 0. What is the units digit of m(5)?
4
Suppose 2*z + 5 = 17. Let t be 4/z - (-20)/6. Suppose 3*d - 4 = -4*i, i = -3*i - 4*d + t. What is the units digit of i?
1
Let u be 3 + (6 - (-7 + 4)). Let i be 0/(-3) - (-31 + -1). What is the tens digit of i/3 + 4/u?
1
Suppose -5*n + 28 = 4*a, 3*a - 18 - 3 = 2*n. Let w(r) = -a*r**3 + 6*r**3 + 4 - 13 - 9*r**2 - 10*r. What is the units digit of w(-8)?
7
Let x(d) = 3*d + 2. Let s = -3 - 0. Let h be x(s). What is the units digit of (-16)/h + (-6)/21?
2
Let a be (-4)/(-10) - (-260)/(-25). What is the units digit of 132/a*10/(-3)?
4
Suppose -5*c = z - 60, 0*c - 4*c = -2*z - 34. Let f = c + 29. What is the units digit of f?
0
Let z(j) = -10 - 11*j + 7*j + 3*j + 0. Let v be z(-12). What is the units digit of (v*-2)/2 + 10?
8
Let h = 25 - 13. What is the units digit of (-4)/(h/19)*-3?
9
Let u(b) = b - 5. Let v be u(7). Let x(g) = -g**3 + 2*g**2 + 2*g - 3. What is the units digit of x(v)?
1
What is the units digit of (-138)/9*(-6)/4?
3
Let r = -16 - -10. Suppose -6*v + 10*v = -16. Let s = v - r. What is the units digit of s?
2
Let m(x) = -x - 2. Let b be ((-18)/(-21))/((-2)/14). Let t be m(b). Suppose -t*d + 20 = 0, 0 = -4*v - 3*d - 0*d + 39. What is the units digit of v?
6
Let l = -12 - -18. Let d(w) = -w**3 + 7*w**2 - 4*w. Let u be d(l). Suppose 5*s + 4 = -4*c, -3*s = -c - s + u. What is the units digit of c?
4
Let s be (2 + 2)/2 + 128. Suppose s - 45 = 5*h. What is the units digit of h?
7
What is the units digit of (((-276)/15)/2)/((-1)/5)?
6
Let k(z) = 6*z - 3. Let m be k(6). Let h = m + -5. Suppose 2*q - h = -0*q. What is the tens digit of q?
1
Suppose 0 = -2*x + 4 - 0. Let o be 24/x + (-2 - -1). What is the tens digit of -1*o/1*-1?
1
Suppose -2*j + 9 + 11 = 0. What is the units digit of (-4)/j - (-114)/10?
1
Let k(g) = g**3 - g + 1. Let m = 9 - 4. Suppose 0 = m*b - b. What is the units digit of k(b)?
1
Suppose 0 = 4*u + 3*n - 69, -2 = n + 3. What is the tens digit of u?
2
Let o = 5 + 0. Suppose o*r = 3*q + 62 + 51, 104 = 4*r + q. What is the units digit of r?
5
Let z(c) = 0 + 3*c - 28*c - 5 + 0. What is the tens digit of z(-2)?
4
Suppose 4*b - 3*i = -1, 5*b - 13 = -4*i + 3*i. What is the units digit of 6 + 0 + b - 3?
5
Let y(c) be the third derivative of -c**4/6 - 5*c**3/3 - 2*c**2. What is the tens digit of y(-7)?
1
Let z(f) = -4*f. Let q be z(-1). Suppose -13 = q*t + 15. Let l = t - -11. What is the units digit of l?
4
Suppose 20 = -4*p, -p - 225 = -4*w - 16. What is the units digit of w?
1
Let p be (-101)/(-4) - (-48)/64. Let q = p + -10. What is the tens digit of q?
1
Let r(c) = -c + 6. Let f be r(6). Suppose 3*x - 18 - 6 = f. What is the units digit of x?
8
Suppose 12 = -x + 2*x + 2*q, -2*q + 28 = 3*x. Let w(r) = -x*r + 0 + 1 + r. What is the units digit of w(-1)?
8
Suppose -24 = 2*f + 5*n - 177, f = 5*n + 54. What is the tens digit of f?
6
Let r = 11 - 11. Suppose -2*q + 5*q - 12 = r. What is the units digit of q?
4
Let i = -72 - -142. What is the tens digit of i?
7
Suppose 0 = 3*j - 5*j + 4*g + 40, 0 = -3*j + 3*g + 66. What is the units digit of j?
4
Let x(g) = 6*g - 3. Let r(u) = -4*u + 2. Let v(a) = 7*r(a) + 5*x(a). Let f(o) = -o**2 + 1. Let z be f(0). What is the units digit of v(z)?
1
Let t be 2 - (3 - 11 - -2). Let r = -3 + 6. What is the units digit of r/(1 + (-2)/t)?
4
Suppose 61 = -5*w + 156. Suppose 0*s - 47 = 3*v - s, 3*s = -v - w. Let u = 30 + v. What is the units digit of u?
4
Suppose 0 = -2*l - 10, -l - 170 = -3*a - 3*l. What is the units digit of a?
0
Suppose -3*u = -9, 17 - 44 = -2*c - 5*u. Let t = c - 1. Suppose -t*f + 4*x + 35 = -0, 21 = 3*f - 3*x. What is the units digit of f?
7
Let i be (0 - -2)*(-14)/(-4). Let u(v) = i*v**2 + 2 - v**3 - 3 - 4*v**2. What is the units digit of u(1)?
1
Let a(r) be the second derivative of -3/2*r**2 + r + 0*r**3 + 0 + 1/12*r**4. What is the units digit of a(-3)?
6
Let s be (-9)/6*(-8)/6. Let c be (-3)/s*24/(-18). Suppose -9 = -3*o, -3*v = -v - c*o - 10. What is the units digit of v?
8
Let o = 8 + -4. Suppose 2*t + 12 = 5*t - 3*b, -o*b + 40 = 4*t. Suppose -5*w + 5*v + 55 = 0, 4*w = t*w - 4*v - 28. What is the tens digit of w?
1
Let q(o) = -3*o**3 - 3*o**2 - o - 1. What is the hundreds digit of q(-4)?
1
Let t be (-1)/2 - 205/(-10). Suppose 6*x - t = x. What is the units digit of x?
4
Let f = 4 - 7. What is the units digit of f/(3/2*-1)?
2
Suppose -16 = -5*t - 3*r, -r + 7 = 3*t - 1. Suppose 0*z + 29 = 5*u - z, 26 = t*u - 4*z. What is the units digit of u?
5
Suppose 0*y - 150 = -5*y. Let u = y + -12. What is the tens digit of u?
1
Suppose -4*w + 7 = -3*w. Let z(h) = h - 3. Let b be z(4). Suppose -b = 3*o - w. What is the units digit of o?
2
Suppose 4*i = 5*x + 81, 0 = -2*i + x - 4*x + 13. What is the tens digit of i?
1
Let v(q) = -q**2 - 7*q - 5. Let y be v(-5). Suppose -3 = y*o - 8. What is the units digit of o?
1
Suppose 4*d + 3 = 11. Suppose j + d*j = 93. What is the tens digit of j?
3
What is the units digit of 112 - 7/(7/(-3))?
5
Let i(q) = 27*q**2 + 5*q + 6. What is the hundreds digit of i(-2)?
1
Suppose -2*w - 2*w = -132. What is the tens digit of w?
3
Let v = -126 - -262. Suppose -z = -5*i - 18, -2*z - 3*z = -2*i - v. Let q = -18 + z. What is the tens digit of q?
1
Suppose